e factors of 18299.
29, 631
What are the prime factors of 437?
19, 23
List the prime factors of 26581.
19, 1399
What are the prime factors of 1678?
2, 839
List the prime factors of 61078.
2, 30539
List the prime factors of 1944.
2, 3
What are the prime factors of 113450?
2, 5, 2269
List the prime factors of 1850.
2, 5, 37
What are the prime factors of 3384?
2, 3, 47
What are the prime factors of 33861?
3, 11287
List the prime factors of 870.
2, 3, 5, 29
List the prime factors of 92557.
92557
What are the prime factors of 40330?
2, 5, 37, 109
List the prime factors of 35437.
35437
List the prime factors of 4661.
59, 79
What are the prime factors of 1655?
5, 331
What are the prime factors of 1802?
2, 17, 53
What are the prime factors of 1340?
2, 5, 67
What are the prime factors of 30525?
3, 5, 11, 37
List the prime factors of 3280.
2, 5, 41
List the prime factors of 15174.
2, 3, 281
List the prime factors of 8424.
2, 3, 13
What are the prime factors of 607?
607
List the prime factors of 2260.
2, 5, 113
What are the prime factors of 4947?
3, 17, 97
What are the prime factors of 26097?
3, 8699
What are the prime factors of 24798?
2, 3, 4133
List the prime factors of 111.
3, 37
What are the prime factors of 1059?
3, 353
What are the prime factors of 8083?
59, 137
List the prime factors of 3528.
2, 3, 7
List the prime factors of 99441.
3, 29, 127
What are the prime factors of 336?
2, 3, 7
List the prime factors of 2880.
2, 3, 5
What are the prime factors of 617?
617
List the prime factors of 246.
2, 3, 41
List the prime factors of 7384.
2, 13, 71
What are the prime factors of 83?
83
List the prime factors of 5855.
5, 1171
What are the prime factors of 19278?
2, 3, 7, 17
List the prime factors of 670.
2, 5, 67
What are the prime factors of 3572?
2, 19, 47
What are the prime factors of 582?
2, 3, 97
List the prime factors of 446.
2, 223
What are the prime factors of 8686?
2, 43, 101
List the prime factors of 10680.
2, 3, 5, 89
What are the prime factors of 628?
2, 157
What are the prime factors of 123?
3, 41
List the prime factors of 51322.
2, 67, 383
List the prime factors of 688.
2, 43
What are the prime factors of 2725?
5, 109
What are the prime factors of 8800?
2, 5, 11
List the prime factors of 2679.
3, 19, 47
What are the prime factors of 739?
739
What are the prime factors of 340?
2, 5, 17
List the prime factors of 406.
2, 7, 29
What are the prime factors of 3519?
3, 17, 23
List the prime factors of 6774.
2, 3, 1129
List the prime factors of 816.
2, 3, 17
List the prime factors of 18571.
7, 379
What are the prime factors of 9988?
2, 11, 227
List the prime factors of 1200.
2, 3, 5
List the prime factors of 7912.
2, 23, 43
What are the prime factors of 51849?
3, 7, 823
What are the prime factors of 48851?
11, 4441
List the prime factors of 1384.
2, 173
List the prime factors of 2247.
3, 7, 107
What are the prime factors of 28?
2, 7
What are the prime factors of 10065?
3, 5, 11, 61
What are the prime factors of 22070?
2, 5, 2207
List the prime factors of 82136.
2, 10267
What are the prime factors of 95812?
2, 17, 1409
List the prime factors of 12467.
7, 13, 137
List the prime factors of 7306.
2, 13, 281
List the prime factors of 24284.
2, 13, 467
What are the prime factors of 350?
2, 5, 7
List the prime factors of 9733.
9733
What are the prime factors of 30605?
5, 6121
What are the prime factors of 21241?
11, 1931
List the prime factors of 12821.
12821
List the prime factors of 260.
2, 5, 13
List the prime factors of 155.
5, 31
List the prime factors of 4282.
2, 2141
What are the prime factors of 1908?
2, 3, 53
List the prime factors of 5661.
3, 17, 37
List the prime factors of 67497.
3, 149, 151
What are the prime factors of 1399?
1399
What are the prime factors of 1740?
2, 3, 5, 29
List the prime factors of 121524.
2, 3, 13, 19, 41
What are the prime factors of 8973?
3, 997
What are the prime factors of 62227?
11, 5657
List the prime factors of 1505.
5, 7, 43
What are the prime factors of 12265?
5, 11, 223
List the prime factors of 2654.
2, 1327
What are the prime factors of 4592?
2, 7, 41
List the prime factors of 1266.
2, 3, 211
List the prime factors of 4420.
2, 5, 13, 17
List the prime factors of 61211.
61211
What are the prime factors of 28237?
11, 17, 151
List the prime factors of 2580.
2, 3, 5, 43
List the prime factors of 11550.
2, 3, 5, 7, 11
What are the prime factors of 67245?
3, 5, 4483
List the prime factors of 2762.
2, 1381
List the prime factors of 174.
2, 3, 29
What are the prime factors of 20784?
2, 3, 433
List the prime factors of 266.
2, 7, 19
List the prime factors of 505.
5, 101
What are the prime factors of 1160?
2, 5, 29
What are the prime factors of 13463?
13463
List the prime factors of 43488.
2, 3, 151
What are the prime factors of 5080?
2, 5, 127
List the prime factors of 2225.
5, 89
List the prime factors of 6883.
6883
List the prime factors of 68375.
5, 547
What are the prime factors of 109899?
3, 12211
What are the prime factors of 668?
2, 167
List the prime factors of 1695.
3, 5, 113
List the prime factors of 14882.
2, 7, 1063
List the prime factors of 5994.
2, 3, 37
List the prime factors of 20.
2, 5
What are the prime factors of 4332?
2, 3, 19
What are the prime factors of 175358?
2, 87679
What are the prime factors of 1196?
2, 13, 23
List the prime factors of 35.
5, 7
List the prime factors of 1478.
2, 739
List the prime factors of 1094.
2, 547
What are the prime factors of 7818?
2, 3, 1303
List the prime factors of 6072.
2, 3, 11, 23
List the prime factors of 3138.
2, 3, 523
List the prime factors of 7919.
7919
List the prime factors of 60498.
2, 3, 3361
List the prime factors of 9644.
2, 2411
What are the prime factors of 992?
2, 31
List the prime factors of 64811.
64811
What are the prime factors of 5310?
2, 3, 5, 59
List the prime factors of 2712.
2, 3, 113
What are the prime factors of 17100?
2, 3, 5, 19
What are the prime factors of 1152?
2, 3
What are the prime factors of 15703?
41, 383
List the prime factors of 2172.
2, 3, 181
What are the prime factors of 52469?
71, 739
What are the prime factors of 169?
13
What are the prime factors of 69977?
19, 29, 127
List the prime factors of 12119.
12119
List the prime factors of 22650.
2, 3, 5, 151
List the prime factors of 67361.
7, 9623
List the prime factors of 3739.
3739
What are the prime factors of 57338?
2, 28669
List the prime factors of 1981.
7, 283
List the prime factors of 3479.
7, 71
What are the prime factors of 1549?
1549
What are the prime factors of 747?
3, 83
What are the prime factors of 743?
743
List the prime factors of 2409.
3, 11, 73
List the prime factors of 34934.
2, 17467
What are the prime factors of 2428?
2, 607
List the prime factors of 3984.
2, 3, 83
List the prime factors of 44492.
2, 7, 227
List the prime factors of 906.
2, 3, 151
What are the prime factors of 88032?
2, 3, 7, 131
What are the prime factors of 20708?
2, 31, 167
List the prime factors of 2984.
2, 373
List the prime factors of 947.
947
What are the prime factors of 146627?
13, 11279
What are the prime factors of 6526?
2, 13, 251
What are the prime factors of 118057?
118057
What are the prime factors of 35507?
35507
List the prime factors of 820.
2, 5, 41
List the prime factors of 1417.
13, 109
What are the prime factors of 9291?
3, 19, 163
List the prime factors of 9793.
7, 1399
What are the prime factors of 25101?
3, 2789
List the prime factors of 1061.
1061
What are the prime factors of 8881?
83, 107
What are the prime factors of 8518?
2, 4259
List the prime factors of 2319.
3, 773
List the prime factors of 28488.
2, 3, 1187
List the prime factors of 429.
3, 11, 13
What are the prime factors of 3658?
2, 31, 59
List the prime factors of 40791.
3, 13597
List the prime factors of 7243.
7243
What are the prime factors of 12130?
2, 5, 1213
List the prime factors of 1412.
2, 353
List the prime factors of 679.
7, 97
What are the prime factors of 93?
3, 31
List the prime factors of 3630.
2, 3, 5, 11
List the prime factors of 4410.
2, 3, 5, 7
What are the prime factors of 1764?
2, 3, 7
What are the prime factors of 228?
2, 3, 19
What are the prime factors of 61171?
11, 67, 83
What are the prime factors of 15499?
11, 1409
List the prime factors of 180.
2, 3, 5
What are th